1. Let q(m) = m**3 - m**2 - m + 1. Let f be q(0). Suppose -r + 1 = -f. Calculate h(r).
5
Let r(d) = -d**3 + 6*d**2 + 7*d - 5. Suppose -5*o + 5*x = -10, -2*o + 13 - 4 = -x. Give r(o).
-5
Let i(o) be the second derivative of o**3/3 - o**2/2 - 17*o. Determine i(2).
3
Let w(c) = c**3 - 13*c**2 + 8*c + 5. Let d(o) = 2*o**3 - 25*o**2 + 15*o + 10. Let x be (0 + 1)/(16/(-96)). Let j(n) = x*d(n) + 11*w(n). What is j(6)?
19
Let q(k) = k**3 - 2*k**2 - 2*k. Let x = -10 - -16. Let v = x + -3. Give q(v).
3
Let d(j) = 2*j + 10. Let u(w) = w + 5. Let m(p) = 4*d(p) - 9*u(p). Let s be m(-7). Let l(z) = 3 + 2*z + 0 - 3*z. Give l(s).
1
Let v(i) = -i**2 + 5*i + 2. Let d = 11 - 6. Let l be v(d). Let q(n) = -1 - 6*n**2 + 2*n**2 + 2*n + 3*n**l. What is q(4)?
-9
Let a(j) be the third derivative of -1/120*j**6 - 1/10*j**5 + 0*j + 0 + j**2 - 5/24*j**4 - 1/3*j**3. Let x = -12 + 7. What is a(x)?
-2
Let u(w) = w**2 + 6*w + 2. Let m be (2/8)/((-1)/(-4)). Suppose 4*l = -3*y - 20, l + 4 + m = -y. Determine u(l).
-3
Let n = -13 - -11. Let q(b) = -2*b**2 - 3*b. What is q(n)?
-2
Suppose 4*f - 3*x = -5, -5 = 2*f - 2*x - 1. Let r be 8*f - 12/4. Let w(m) = m**2 - 3*m - 5. Calculate w(r).
5
Let h(f) = -4*f - 12. Let o(d) = -5*d - 13. Let x(l) = 6*h(l) - 5*o(l). Give x(7).
0
Let w(v) be the third derivative of -v**5/60 + v**4/24 - v**3/6 + 4*v**2. Determine w(-3).
-13
Let w(o) = o - 4. Let s(t) = t - 3. Let n(a) = -4*s(a) + 3*w(a). Let f(z) = 2*z**2 + 3*z - 3. Let d(g) = f(g) + n(g). Suppose -14 + 2 = 4*c. What is d(c)?
9
Let c(g) = -3*g + 2. Suppose 2*l - 13 = -3*f, 2*f - 14 = 4*l - 8*l. Determine c(f).
-7
Suppose -12 = -17*y + 11*y. Let c(j) = -j**2 + 2*j. Calculate c(y).
0
Let j(b) = 2*b**2 + 3*b**2 - 6*b**2. Let u(p) = p**3 + 8*p**2 - p - 6. Let w be u(-8). Let q = 2 - w. What is j(q)?
0
Let s(c) = -c**2 - 20*c - 7. Let a be s(-20). Let m(b) = -b**2 - 8*b + 5. What is m(a)?
12
Suppose 37 = 5*n + 4*j, 4*n - 9 = n + 2*j. Suppose 0 = n*m + 2*i - 0*i, 0 = -5*m + i. Suppose m*k - k = 0. Let l(r) = -r**3 - 7. Calculate l(k).
-7
Let x(r) = 3*r. Suppose 1 = 3*o + 7. Let k be -1 + (2 + -4 - o). What is x(k)?
-3
Suppose -5*l = -3*l + 2. Let h(d) = -11*d. Determine h(l).
11
Suppose r + 25 = -4*r + 5*i, 2*i - 9 = r. Let j(v) = -2*v**2 + 5*v**2 + 1 + 2*v - 3*v**3 - 2*v**2. Determine j(r).
3
Suppose -2*v + 2*o - 2 = 0, -4 + 19 = 3*v + 3*o. Let c = -1 + v. Let h(y) = 5*y**3 - 4*y**3 - 4*y + c - 4*y**2 + 0. Calculate h(5).
6
Let j be (-4)/(-4 + 8)*-3. Let l(w) = -5*w + 3*w - j*w + 6*w. Determine l(6).
6
Let j(u) = 3 - 4 + 3*u + 3. Let p be j(2). Let a(y) = y - 12. Let m be a(p). Let o(l) = l**2 + 6*l + 6. Give o(m).
-2
Let n = -2 - -7. Let x = n - 3. Let w(v) = -2*v - x*v + 3*v. Calculate w(4).
-4
Let h(d) = d**3 - 6*d**2 + 2*d - 8. Suppose 2*w - 19 = -4*i - 3*w, i - 5*w = 11. Let a be h(i). Let r(u) = -5*u + 3*u - a*u - 1 + 3*u. What is r(-3)?
8
Let r be ((-2)/(-16))/((-10)/(-40)). Let u(q) be the second derivative of -1/20*q**5 - r*q**2 + 2*q + 1/12*q**4 - 1/6*q**3 + 0. Give u(2).
-7
Let p(g) be the third derivative of g**6/60 - g**5/20 + g**4/12 - g**3/3 + 3*g**2. Let n = 12 - 10. What is p(n)?
6
Let s(x) be the first derivative of 1/120*x**5 + 3 + 0*x + 1/8*x**4 + x**3 + 0*x**2. Let c(r) be the third derivative of s(r). Determine c(-3).
0
Let q be (-6 + (-1 - -2))*15/25. Let l(c) = -c**2 - 5*c + c - c**2. Calculate l(q).
-6
Suppose 0 = 5*c + 22 - 2, -2*y = 2*c + 8. Let l(q) = 4*q**3 + 7. Let m(i) = -i**3 - 1. Let h(a) = -l(a) - 3*m(a). Determine h(y).
-4
Suppose 4*k = 2*i + 10, 4*i - 4 = -0*i - 4*k. Let t(w) = -w. Calculate t(i).
1
Let c(y) = y**2 - 1. Let j(a) = 2*a. Let t(z) = z**2 - z - 4. Let x be t(3). Let s be j(x). Suppose -s = 3*g + 2. Calculate c(g).
3
Let b(u) = 4*u**2 + 2*u - 1. Let y be (-9)/12 + 14/8. Determine b(y).
5
Let q(g) = g**2. Suppose 5*v + 2 = -13. Let j(d) = d**2 + d + 1. Let r(y) = v*j(y) + 4*q(y). Calculate r(-2).
7
Let y(j) = 3*j**3 + 8*j**2 + 20*j - 9. Let n(l) = -l**3 - 3*l**2 - 7*l + 3. Let u(q) = -q**2 - 3*q. Let i be u(-4). Let p(x) = i*y(x) - 11*n(x). Determine p(2).
-7
Let p(i) = -i + 2. Let x be p(-1). Let k(j) = -j**2 + 3*j + 1. Calculate k(x).
1
Let x(o) = -39 - o + 17 + 19. What is x(0)?
-3
Let c be -3*(-2 - 2/(-2)). Suppose m + 2*m - c = 0. Let n(p) = 3*p + 3. Let f(d) = d - 1. Let o(b) = -2*f(b) - n(b). Give o(m).
-6
Let f(w) be the first derivative of w**4/4 - 2*w**3 + 3*w - 8. Determine f(6).
3
Let l(q) = q**3 - 5*q**2 - 5. Let i = -10 + 15. Suppose -4*y = 5*o - i, 2*o = 2*y + 18 + 2. Determine l(o).
-5
Let p(t) = -t**2 + 5*t - 3. Let r = 18 + -18. Suppose r = -2*h - 8, -2*s = -0*s + 4*h + 4. Determine p(s).
-9
Suppose -4*i + 8 + 0 = 0. Let j(b) be the third derivative of 1/3*b**3 - 1/60*b**5 + 1/60*b**6 + 0 + 0*b - 1/12*b**4 - 2*b**2. Calculate j(i).
10
Let x = -49 - -43. Let u(m) = -m**2 - 8*m - 3. What is u(x)?
9
Let b(q) = q**3 - 6*q**2 + 5*q - 1. Let o = 10 - 5. Calculate b(o).
-1
Let p(t) = 2*t + 3. Let g(l) = 2*l**2 + 14*l + 3. Let r be g(-7). Calculate p(r).
9
Let k(m) = m**3 + 11*m**2 - 4*m + 2. Let x(v) = -3*v**3 - 32*v**2 + 12*v - 7. Let q(r) = -17*k(r) - 6*x(r). Suppose -3*n = 0, 0*n + 6 = -y - n. Determine q(y).
-4
Let m(d) = -14 - 4 - 15 + d + 45 - 10. Let s = -1 + 1. Determine m(s).
2
Let m(u) = u**2 + 1. Let w be m(0). Let j(i) be the first derivative of -i**2 + 7 + 5 - 18. Determine j(w).
-2
Suppose c - 7 = 2*m, m - 18 = 2*c + 5*m. Let v be c*(3 - 2) - -2. Let i(l) = l - 3*l**3 - 6*l**3 + 0*l. Calculate i(v).
-8
Let l(n) = 2*n**2 - 30*n. Let i(j) = -j**2 + 13*j. Let d(z) = 7*i(z) + 3*l(z). Suppose u = -4*u - 15. What is d(u)?
-12
Let g(b) = -6*b. Suppose -5*o - 7 + 24 = 2*l, 19 = 2*l + 3*o. Let z(k) = k - 10. Let i be z(l). What is g(i)?
-6
Let a(u) = -u + 9. Let g(s) = 1. Let i(q) = -2*a(q) + 10*g(q). Determine i(6).
4
Let b(f) = f**2 + 3*f - 3. Let g(v) = 4*v**2 + 9*v - 11. Let i(t) = -7*b(t) + 2*g(t). Let k(p) = -2*p - 6. Let c be k(-5). Give i(c).
3
Let k(f) = -f**2 - 5*f - 3. Suppose -u = -2*r - 7, 3*r + 1 + 5 = 0. Suppose -u*v = -12, 3*v = 2*t - 4*t + 22. Let p be 2/(t/(15/(-2))). Give k(p).
3
Let y(z) be the third derivative of -z**6/120 - z**5/60 + z**4/6 + z**3/2 + 28*z**2. Determine y(-2).
-1
Let c(q) = q - 1. Let x be c(2). Let d be (x/(-3))/(2/(-18)). Let v(j) = j**3 + 2*j**3 + 5 - 6*j - j**3 + 5*j**2 - 3*j**d. Give v(4).
-3
Let d(r) = r - 47 + 25 + 17. What is d(5)?
0
Let o(r) be the third derivative of -r**6/20 + r**5/10 + 7*r**3/6 + r**2. Let a(k) = -k**2 - 1. Let l(m) = -6*a(m) - o(m). Give l(-1).
-7
Let b(d) = -d**3 + 7*d**2 - d + 12. Let t be b(7). Let j(k) = k**3 - 5*k**2 + k - 3. Calculate j(t).
2
Let d(w) be the third derivative of -w**5/60 + w**4/24 + 5*w**3/6 + w**2. Let h(m) = m**2 - 12. Let a be h(4). Determine d(a).
-7
Let y be (2 + -5)/(-1) - 2. Suppose 0 = -2*n + 3 - y. Let a(d) be the second derivative of 4*d**3/3 - d**2/2 - d. Give a(n).
7
Let o(w) be the first derivative of -w**3/3 + 5*w**2/2 + w + 72. Give o(4).
5
Let b(v) = v**2 + v. Let h(n) = 10*n**2 + 15*n. Let k(l) = -15*b(l) + h(l). Determine k(-1).
-5
Let r(b) be the third derivative of -b**6/120 - b**5/30 + b**4/24 + b**3/6 + 3*b**2. Calculate r(-2).
-1
Let q = -15 - -21. Let v(r) be the third derivative of r**4/24 - 5*r**3/6 - 22*r**2. Determine v(q).
1
Let y(q) be the second derivative of q**6/360 - q**5/24 - q**4/6 + 3*q**3/2 + 3*q. Let m(a) be the second derivative of y(a). Calculate m(5).
-4
Let t(h) be the second derivative of h**4/12 + h**3 + 2*h**2 + 2*h. Let s be t(-4). Let r(w) = -3*w + 3. Let c(i) = -i. Let v(b) = -4*c(b) + r(b). Give v(s).
-1
Let c(i) = 6*i**2 + 13*i - 6. Let n(a) be the first derivative of -5*a**3/3 - 6*a**2 + 5*a - 6. Let b(q) = -6*c(q) - 7*n(q). What is b(6)?
1
Let r(a) = 9 + a - a - 3*a + 5*a. What is r(-6)?
-3
Let j(c) = c + 1. Let f = -6 + 9. Suppose 4*y = 3*a - 34, 5*a - a = f*y + 36. Give j(a).
7
Suppose 7*i - 2*i = -10. Let h be i - (0 - 5) - 0. Let y(v) = h + 1 - 5 - 3*v. Calculate y(-1).
2
Let b = 8 + -15. Let f = -4 - b. Let y(p) = -3 - p - 4 + f*p. Determine y(5).
3
Let u(c) = -c**3 - c**2 + 2*c + 1. Let s be u(-2). Suppose 0 = 4*a + 4*v - 8, -4*a = 3*v - 10 + s. Let t(j) = j**3 - 2*j**2 - 2*j + 1. Give t(a).
4
Let l = 24 - 21. Suppose 0*u = -5*u + 10. Let r(m) = 2*m - 3*m - 4 + u*m. What is r(l)?
